 -155010?
155002
In base 10, what is 1418 - -203?
1621
In base 12, what is 2 - -567?
569
In base 2, what is -11 - -101001011011010001?
101001011011001110
In base 16, what is a3bd5 - -5?
a3bda
In base 14, what is -655 + 22?
-633
In base 6, what is 0 + 4054?
4054
In base 11, what is 65514 - -2?
65516
In base 10, what is 1331 + 470?
1801
In base 2, what is -11110 - -101011011111?
101011000001
In base 5, what is 30140 + 10?
30200
In base 9, what is -3566386 + -2?
-3566388
In base 3, what is 210 - -221201011?
221201221
In base 9, what is -3 - 155253?
-155256
In base 16, what is 673 + 29?
69c
In base 10, what is -3 - -2077?
2074
In base 5, what is 3012044 + 202?
3012301
In base 11, what is -3799 + -58?
-3846
In base 10, what is 2 + 237?
239
In base 2, what is 1 + 11010001101000?
11010001101001
In base 2, what is 1110011000111111 - 10?
1110011000111101
In base 2, what is 1000110001 + -10101111?
110000010
In base 2, what is 11101000010010000 + -10?
11101000010001110
In base 5, what is -4 - -3122?
3113
In base 4, what is 2003 - -31323?
33332
In base 12, what is 44bb3 - -1a?
45011
In base 15, what is -dce + 0?
-dce
In base 14, what is 48ca4 - -3?
48ca7
In base 2, what is 101 - 11000011011111010?
-11000011011110101
In base 3, what is -22102220 - 22100?
-22202020
In base 12, what is -2 + 2721?
271b
In base 13, what is 638 + -172?
496
In base 3, what is 11 + 112122200?
112122211
In base 13, what is 8 - -9c?
a7
In base 11, what is -4 - 124855?
-124859
In base 15, what is -b39 + -6?
-b40
In base 7, what is -3653 - -124?
-3526
In base 11, what is -18 + 2824?
2807
In base 6, what is 115 - 50353?
-50234
In base 12, what is 172005 - 3?
172002
In base 8, what is 3663 + -504?
3157
In base 5, what is -33 + 1124?
1041
In base 3, what is 1111201 - -1002?
1112210
In base 12, what is 607a26 + -5?
607a21
In base 15, what is 7 - c1c4?
-c1bc
In base 7, what is -45 + 62024?
61646
In base 12, what is -64 + -a127?
-a18b
In base 15, what is -4e56c0 - -5?
-4e56ba
In base 2, what is 100011010111110011 + 100?
100011010111110111
In base 16, what is 1 - 6164?
-6163
In base 7, what is -4325506 + 3?
-4325503
In base 14, what is 1 - -12bbc?
12bbd
In base 12, what is -79 + -473?
-530
In base 12, what is -a95b + -267?
-b006
In base 12, what is -10b + a186?
a077
In base 9, what is 37 + -1575?
-1537
In base 7, what is -2 + 205124?
205122
In base 11, what is 2411 - 228?
2194
In base 16, what is 27b3 - c?
27a7
In base 14, what is -93188 - -2?
-93186
In base 5, what is 121401144 - 10?
121401134
In base 12, what is 2644 + -9?
2637
In base 6, what is 121 + 145222?
145343
In base 7, what is 36 + 14421?
14460
In base 5, what is -134212 - -2202?
-132010
In base 15, what is 1 - 1ea3?
-1ea2
In base 9, what is 12 - -30883?
31005
In base 11, what is 5502 - 5?
54a8
In base 7, what is -1 + 312562?
312561
In base 2, what is 100 - 11001101000011010?
-11001101000010110
In base 8, what is 161 - 2662?
-2501
In base 9, what is 1855048 - 2?
1855046
In base 7, what is 5 + 10112?
10120
In base 5, what is 1 + 434202?
434203
In base 10, what is 4 + -4569?
-4565
In base 10, what is 2 - 63531?
-63529
In base 14, what is -46 + 70c6?
7080
In base 3, what is 0 - -22201221?
22201221
In base 15, what is -17963 - -2d?
-17935
In base 12, what is 679a6 - -9?
679b3
In base 10, what is -6215 + -55?
-6270
In base 13, what is -16 + -c19?
-c32
In base 10, what is 7 + 441?
448
In base 8, what is -2463 + 264?
-2177
In base 10, what is 487 + -166?
321
In base 6, what is -24 - -45532?
45504
In base 16, what is -96e + -10?
-97e
In base 15, what is -5 - -105c50?
105c4a
In base 5, what is -30124311 - -14?
-30124242
In base 12, what is -5ba6 + 172?
-5a34
In base 10, what is -240136 + 2?
-240134
In base 7, what is -146 + -3000?
-3146
In base 5, what is 23402 + -340?
23012
In base 6, what is -34112 + -14?
-34130
In base 11, what is 44334 + -4?
44330
In base 3, what is -1 - -2001202?
2001201
In base 6, what is 30334021 + 5?
30334030
In base 12, what is 10 - -1120a?
1121a
In base 16, what is -2a + 13b5?
138b
In base 12, what is -4b4a5 + 5?
-4b4a0
In base 5, what is -23032011 + 1?
-23032010
In base 9, what is -1 + 284125?
284124
In base 4, what is -101102 + -1013?
-102121
In base 8, what is -115601 - 1?
-115602
In base 12, what is 51 - 2606?
-2575
In base 3, what is -10 - -12022222221?
12022222211
In base 11, what is 11758 - 10?
11748
In base 3, what is -10 + -1020122122012?
-1020122122022
In base 15, what is -29e20 + -2?
-29e22
In base 9, what is 1688 + -3?
1685
In base 13, what is 85 + 1a45?
1aca
In base 13, what is -1 + 150a?
1509
In base 7, what is -240440 - 1?
-240441
In base 5, what is 3420 + -12?
3403
In base 16, what is 43e1 - 1?
43e0
In base 9, what is -2 + 2425675?
2425673
In base 16, what is 3 - 330ee?
-330eb
In base 8, what is -610615 - 4?
-610621
In base 8, what is 177 + 257?
456
In base 11, what is 667 - 409?
259
In base 16, what is -21ac + -3?
-21af
In base 16, what is -ac - -164d?
15a1
In base 12, what is -11310 - -22?
-112aa
In base 6, what is 1230 + -4034?
-2404
In base 8, what is -26312 + -2?
-26314
In base 16, what is 96b + 3?
96e
In base 7, what is 10004033 - -5?
10004041
In base 6, what is -4 + -54023?
-54031
In base 12, what is -7 - -835?
82a
In base 8, what is 5355 + 25?
5402
In base 13, what is 146892 - 5?
14688a
In base 3, what is 100022 - 1122?
21200
In base 13, what is -1b336 + -45?
-1b37b
In base 3, what is -1120000111 + -10?
-1120000121
In base 3, what is -10211000 + -11110?
-10222110
In base 4, what is 13220323 + 0?
13220323
In base 10, what is 6448 + 404?
6852
In base 13, what is 3 + -14396b?
-143968
In base 13, what is 953 - 204?
74c
In base 4, what is 2223332210 + -10?
2223332200
In base 12, what is 186b - 3?
1868
In base 3, what is -2 - -2000120220?
2000120211
In base 7, what is 440535 - 10?
440525
In base 10, what is -1111 - -2363?
1252
In base 13, what is -29 + -19803?
-1982c
In base 2, what is -10110001100010 - 0?
-10110001100010
In base 11, what is 12 + 77a92?
77aa4
In base 15, what is -2513 - 8?
-251b
In base 5, what is -2130410 - 4?
-2130414
In base 12, what is -128 + 327?
1bb
In base 4, what is -10 - -12133213?
12133203
In base 12, what is 5b - -154?
1b3
In base 8, what is -1616 - -3640?
2022
In base 12, what is -5 - -2753a?
27535
In base 6, what is 135030 - 5?
135021
In base 8, what is 204552 - -26?
204600
In base 14, what is -a248 - a?
-a254
In base 5, what is 341424 + -1302?
340122
In base 9, what is -4 + 330?
325
In base 10, what is 66 + 1027?
1093
In base 9, what is -5570 + 110?
-5460
In base 9, what is -3 + -11802?
-11805
In base 5, what is -10 - 4231134?
-4231144
In base 6, what is 113 + 1030?
1143
In base 15, what is -eb + -305?
-401
In base 4, what is 20 + 1200220?
1200300
In base 11, what is 0 + 383579?
383579
In base 4, what is -2 - -23113002?
23113000
In base 12, what is 3 - -2843?
2846
In base 4, what is -33313 + -101133?
-201112
In base 5, what is 4 - 224404423?
-224404414
In base 16, what is 84b24 + 1?
84b25
In base 12, what is -365887 + -4?
-36588b
In base 12, what is 2 - 60a0?
-609a
In base 13, what is -20160 + -3?
-20163
In base 14, what is -3 - -347d?
347a
In base 16, what is -1c0a - 2c?
-1c36
In base 2, what is 10000 - 100010?
-10010
In base 11, what is -33706 - 3?
-33709
In base 4, what is 20120 - 1310?
12210
In base 4, what is -2300 - 1031?
-3331
In base 16, what is -2f25f - -2?
-2f25d
In base 5, what is 20223302 + -101?
20223201
In base 12, what is 441393 - -5?
441398
In base 2, what is 10111 - 11011110?
-11000111
In base 12, what is 63925 - -5?
6392a
In base 5, what is 341 - -4204?
10100
In base 4, what is -31101 + -1032?
-32133
In base 4, what is 30232321 + -203?
30232112
In base 12, what is 17454 + -4?
17450
In base 6, what is 5202 - 334?
4424
In base 16, what is -7 + 3c72?
3c6b
In base 14, what is -205 - -4b9?
2b4
In base 2, what is -10 - 100011100101001?
-100011100101011
In base 2, what is -1001 - -11101000101110?
11101000100101
In base 7, what is -3011 - -123?
-2555
In base 6, what is -21 - 200004?
-200025
In base 11, what is -4 - a2aa?
-a303
In base 12, what is -5 - 103598?
-1035a1
In base 13, what is -51 - -4?
-4a
In base 14, what is -68 - 4d?
-b7
In base 7, what is -50 + 30222?
30142
In base 7, what is 2000356 + -2?
2000354
In base 10, what is 4 + -83884?
-83880